{"id":1318,"date":"2024-06-14T14:18:31","date_gmt":"2024-06-14T17:18:31","guid":{"rendered":"https:\/\/ramayanabr.com.br\/?page_id=1318"},"modified":"2024-06-14T18:10:22","modified_gmt":"2024-06-14T21:10:22","slug":"captar-recursos","status":"publish","type":"page","link":"https:\/\/ramayanabr.com.br\/index.php\/captar-recursos\/","title":{"rendered":"Capta\u00e7\u00e3o de Recursos"},"content":{"rendered":"\t\t<div data-elementor-type=\"wp-page\" data-elementor-id=\"1318\" class=\"elementor elementor-1318\">\n\t\t\t\t<div class=\"elementor-element elementor-element-a59ef93 e-flex e-con-boxed e-con e-parent\" data-id=\"a59ef93\" data-element_type=\"container\" data-e-type=\"container\">\n\t\t\t\t\t<div class=\"e-con-inner\">\n\t\t<div class=\"elementor-element elementor-element-00d1b26 e-flex e-con-boxed e-con e-child\" data-id=\"00d1b26\" data-element_type=\"container\" data-e-type=\"container\">\n\t\t\t\t\t<div class=\"e-con-inner\">\n\t\t<div class=\"elementor-element elementor-element-bcaa44e e-con-full e-flex e-con e-child\" data-id=\"bcaa44e\" data-element_type=\"container\" data-e-type=\"container\">\n\t\t\t\t<div class=\"elementor-element elementor-element-432b3df elementor-widget elementor-widget-text-editor\" data-id=\"432b3df\" data-element_type=\"widget\" data-e-type=\"widget\" data-widget_type=\"text-editor.default\">\n\t\t\t\t<div class=\"elementor-widget-container\">\n\t\t\t\t\t\t\t\t\t<p style=\"text-align: center;\"><strong><span style=\"color: #000000;\">Preencha o formul\u00e1rio abaixo\u00a0 e aguarde o contato de nossos consultores para um atendimento personalizado!<\/span><\/strong><\/p>\t\t\t\t\t\t\t\t<\/div>\n\t\t\t\t<\/div>\n\t\t<div class=\"elementor-element elementor-element-f953e40 e-con-full e-flex e-con e-child\" data-id=\"f953e40\" data-element_type=\"container\" data-e-type=\"container\">\n\t\t\t\t<div class=\"elementor-element elementor-element-716ef39 elementor-widget__width-initial animated-fast elementor-hidden-phone elementor-invisible elementor-widget elementor-widget-spacer\" data-id=\"716ef39\" data-element_type=\"widget\" data-e-type=\"widget\" data-settings=\"{&quot;_animation&quot;:&quot;fadeInLeft&quot;}\" data-widget_type=\"spacer.default\">\n\t\t\t\t<div class=\"elementor-widget-container\">\n\t\t\t\t\t\t\t<div class=\"elementor-spacer\">\n\t\t\t<div class=\"elementor-spacer-inner\"><\/div>\n\t\t<\/div>\n\t\t\t\t\t\t<\/div>\n\t\t\t\t<\/div>\n\t\t\t\t<\/div>\n\t\t\t\t<div class=\"elementor-element elementor-element-878b7e1 elementor-widget elementor-widget-text-editor\" data-id=\"878b7e1\" data-element_type=\"widget\" data-e-type=\"widget\" data-widget_type=\"text-editor.default\">\n\t\t\t\t<div class=\"elementor-widget-container\">\n\t\t\t\t\t\t\t\t\t<p>\n<div class=\"wpcf7 no-js\" id=\"wpcf7-f1317-o1\" lang=\"pt-BR\" dir=\"ltr\" data-wpcf7-id=\"1317\">\n<div class=\"screen-reader-response\"><p role=\"status\" aria-live=\"polite\" aria-atomic=\"true\"><\/p> <ul><\/ul><\/div>\n<form action=\"\/index.php\/wp-json\/wp\/v2\/pages\/1318#wpcf7-f1317-o1\" method=\"post\" class=\"wpcf7-form init\" aria-label=\"Formul\u00e1rios de contato\" novalidate=\"novalidate\" data-status=\"init\">\n<fieldset class=\"hidden-fields-container\"><input type=\"hidden\" name=\"_wpcf7\" value=\"1317\" \/><input type=\"hidden\" name=\"_wpcf7_version\" value=\"6.1.5\" \/><input type=\"hidden\" name=\"_wpcf7_locale\" value=\"pt_BR\" \/><input type=\"hidden\" name=\"_wpcf7_unit_tag\" value=\"wpcf7-f1317-o1\" \/><input type=\"hidden\" name=\"_wpcf7_container_post\" value=\"0\" \/><input type=\"hidden\" name=\"_wpcf7_posted_data_hash\" value=\"\" \/>\n<\/fieldset>\n<p><span class=\"wpcf7-form-control-wrap\" data-name=\"radio-685\"><span class=\"wpcf7-form-control wpcf7-radio\"><span class=\"wpcf7-list-item first last\"><label><input type=\"radio\" name=\"radio-685\" value=\"Captar Recursos\" checked=\"checked\" \/><span class=\"wpcf7-list-item-label\">Captar Recursos<\/span><\/label><\/span><\/span><\/span>\n<\/p>\n<p><label> Seu nome<br \/>\n<span class=\"wpcf7-form-control-wrap\" data-name=\"your-name\"><input size=\"40\" maxlength=\"400\" class=\"wpcf7-form-control wpcf7-text wpcf7-validates-as-required\" autocomplete=\"name\" aria-required=\"true\" aria-invalid=\"false\" value=\"\" type=\"text\" name=\"your-name\" \/><\/span> <\/label>\n<\/p>\n<p><label> CPF<br \/>\n<span class=\"wpcf7-form-control-wrap\" data-name=\"text-604\"><input size=\"40\" maxlength=\"400\" class=\"wpcf7-form-control wpcf7-text\" aria-invalid=\"false\" value=\"\" type=\"text\" name=\"text-604\" \/><\/span> <\/label>\n<\/p>\n<p><label> Telefone com DDD<br \/>\n<span class=\"wpcf7-form-control-wrap\" data-name=\"tel-782\"><input size=\"40\" maxlength=\"400\" class=\"wpcf7-form-control wpcf7-tel wpcf7-text wpcf7-validates-as-tel\" aria-invalid=\"false\" value=\"\" type=\"tel\" name=\"tel-782\" \/><\/span> <\/label>\n<\/p>\n<p><label> Seu Email<br \/>\n<span class=\"wpcf7-form-control-wrap\" data-name=\"your-email\"><input size=\"40\" maxlength=\"400\" class=\"wpcf7-form-control wpcf7-email wpcf7-validates-as-required wpcf7-text wpcf7-validates-as-email\" autocomplete=\"email\" aria-required=\"true\" aria-invalid=\"false\" value=\"\" type=\"email\" name=\"your-email\" \/><\/span> <\/label>\n<\/p>\n<p><label> Raz\u00e3o Social<br \/>\n<span class=\"wpcf7-form-control-wrap\" data-name=\"text-816\"><input size=\"40\" maxlength=\"400\" class=\"wpcf7-form-control wpcf7-text\" aria-invalid=\"false\" value=\"\" type=\"text\" name=\"text-816\" \/><\/span> <\/label>\n<\/p>\n<p><label> CNPJ<br \/>\n<span class=\"wpcf7-form-control-wrap\" data-name=\"text-971\"><input size=\"40\" maxlength=\"400\" class=\"wpcf7-form-control wpcf7-text\" aria-invalid=\"false\" value=\"\" type=\"text\" name=\"text-971\" \/><\/span> <\/label>\n<\/p>\n<p><label> Website<br \/>\n<span class=\"wpcf7-form-control-wrap\" data-name=\"text-549\"><input size=\"40\" maxlength=\"400\" class=\"wpcf7-form-control wpcf7-text\" aria-invalid=\"false\" value=\"\" type=\"text\" name=\"text-549\" \/><\/span> <\/label>\n<\/p>\n<p><label> Assunto<br \/>\n<span class=\"wpcf7-form-control-wrap\" data-name=\"your-subject\"><input size=\"40\" maxlength=\"400\" class=\"wpcf7-form-control wpcf7-text wpcf7-validates-as-required\" aria-required=\"true\" aria-invalid=\"false\" value=\"\" type=\"text\" name=\"your-subject\" \/><\/span> <\/label>\n<\/p>\n<p><label> Sua mensagem (opcional)<br \/>\n<span class=\"wpcf7-form-control-wrap\" data-name=\"your-message\"><textarea cols=\"40\" rows=\"10\" maxlength=\"2000\" class=\"wpcf7-form-control wpcf7-textarea\" aria-invalid=\"false\" name=\"your-message\"><\/textarea><\/span> <\/label>\n<\/p>\n<p><input class=\"wpcf7-form-control wpcf7-submit has-spinner\" type=\"submit\" value=\"Enviar\" \/>\n<\/p><div class=\"wpcf7-response-output\" aria-hidden=\"true\"><\/div>\n<\/form>\n<\/div>\n<\/p>\t\t\t\t\t\t\t\t<\/div>\n\t\t\t\t<\/div>\n\t\t\t\t<\/div>\n\t\t<div class=\"elementor-element elementor-element-418bb56 e-flex e-con-boxed e-con e-child\" data-id=\"418bb56\" data-element_type=\"container\" data-e-type=\"container\">\n\t\t\t\t\t<div class=\"e-con-inner\">\n\t\t<div class=\"elementor-element elementor-element-89a7289 e-flex e-con-boxed e-con e-child\" data-id=\"89a7289\" data-element_type=\"container\" data-e-type=\"container\">\n\t\t\t\t\t<div class=\"e-con-inner\">\n\t\t\t\t<div class=\"elementor-element elementor-element-b6e8eef elementor-widget elementor-widget-heading\" data-id=\"b6e8eef\" data-element_type=\"widget\" data-e-type=\"widget\" data-widget_type=\"heading.default\">\n\t\t\t\t<div class=\"elementor-widget-container\">\n\t\t\t\t\t<h2 class=\"elementor-heading-title elementor-size-default\">Contato On Line<\/h2>\t\t\t\t<\/div>\n\t\t\t\t<\/div>\n\t\t\t\t<div class=\"elementor-element elementor-element-d58069d elementor-widget__width-initial elementor-widget elementor-widget-heading\" data-id=\"d58069d\" data-element_type=\"widget\" data-e-type=\"widget\" data-widget_type=\"heading.default\">\n\t\t\t\t<div class=\"elementor-widget-container\">\n\t\t\t\t\t<h3 class=\"elementor-heading-title elementor-size-default\">Envie - nos <b>uma mensagem<\/b><\/h3>\t\t\t\t<\/div>\n\t\t\t\t<\/div>\n\t\t\t\t<div class=\"elementor-element elementor-element-0da776d elementor-widget__width-initial animated-fast elementor-hidden-phone elementor-invisible elementor-widget elementor-widget-spacer\" data-id=\"0da776d\" data-element_type=\"widget\" data-e-type=\"widget\" data-settings=\"{&quot;_animation&quot;:&quot;fadeInLeft&quot;}\" data-widget_type=\"spacer.default\">\n\t\t\t\t<div class=\"elementor-widget-container\">\n\t\t\t\t\t\t\t<div class=\"elementor-spacer\">\n\t\t\t<div class=\"elementor-spacer-inner\"><\/div>\n\t\t<\/div>\n\t\t\t\t\t\t<\/div>\n\t\t\t\t<\/div>\n\t\t\t\t<div class=\"elementor-element elementor-element-075e6bb elementor-widget elementor-widget-text-editor\" data-id=\"075e6bb\" data-element_type=\"widget\" data-e-type=\"widget\" data-widget_type=\"text-editor.default\">\n\t\t\t\t<div class=\"elementor-widget-container\">\n\t\t\t\t\t\t\t\t\t<p><b>Comercial S\u00e3o Paulo:<\/b> Avenida Paulista, 1845 \u2013 Bela Vista. S\u00e3o Paulo\/SP. CEP 01310-945.<\/p><p><span style=\"font-family: var( --e-global-typography-text-font-family ), Sans-serif; letter-spacing: 0px;\"><b>Comercial Interior:<\/b> Avenida Cassiano Ricardo, 601. Jardim Aquarius. S\u00e3o Jos\u00e9 dos Campos\/SP. CEP 12246-870.<\/span><\/p>\t\t\t\t\t\t\t\t<\/div>\n\t\t\t\t<\/div>\n\t\t\t\t<div class=\"elementor-element elementor-element-11810a3 elementor-widget elementor-widget-spacer\" data-id=\"11810a3\" data-element_type=\"widget\" data-e-type=\"widget\" data-widget_type=\"spacer.default\">\n\t\t\t\t<div class=\"elementor-widget-container\">\n\t\t\t\t\t\t\t<div class=\"elementor-spacer\">\n\t\t\t<div class=\"elementor-spacer-inner\"><\/div>\n\t\t<\/div>\n\t\t\t\t\t\t<\/div>\n\t\t\t\t<\/div>\n\t\t\t\t<div class=\"elementor-element elementor-element-f9cd79d envo-extra-content-alignleft elementor-widget elementor-widget-envo-extra-icon-box\" data-id=\"f9cd79d\" data-element_type=\"widget\" data-e-type=\"widget\" data-widget_type=\"envo-extra-icon-box.default\">\n\t\t\t\t<div class=\"elementor-widget-container\">\n\t\t\t\t\t\r\n\t\t<a  class=\"envo-extra-box-icon-wrapper\">\r\n\t\t<div class=\"envo-extra-box-icon-wrapper-inner\">\r\n\t\t\t\r\n\t\t\t\t\t\t\t<span class=\"envo-extra-box-icon-item\">\r\n\t\t\t\t\t<svg aria-hidden=\"true\" class=\"e-font-icon-svg e-fas-map-marker-alt\" viewBox=\"0 0 384 512\" xmlns=\"http:\/\/www.w3.org\/2000\/svg\"><path d=\"M172.268 501.67C26.97 291.031 0 269.413 0 192 0 85.961 85.961 0 192 0s192 85.961 192 192c0 77.413-26.97 99.031-172.268 309.67-9.535 13.774-29.93 13.773-39.464 0zM192 272c44.183 0 80-35.817 80-80s-35.817-80-80-80-80 35.817-80 80 35.817 80 80 80z\"><\/path><\/svg>\t\t\t\t<\/span>\r\n\t\t\t\r\n\t\t\t<span class=\"envo-extra-box-icon-content\">\r\n\t\t\t\t<h3 class=\"envo-extra-box-icon-title\">Administrativo<\/h3>\r\n\t\t\t\t\t\t\t\t\t<p class=\"envo-extra-box-icon-description\">Rua Presidente Artur da Costa e Silva, 130 \u2013 Jardim Campo Grande. Ca\u00e7apava\/SP. CEP 12282-520.<\/p>\r\n\t\t\t\t\t\t\t<\/span>\r\n\r\n\t\t<\/div>\r\n\t\t<\/a>\r\n\t\t\t\t\t\t<\/div>\n\t\t\t\t<\/div>\n\t\t\t\t<div class=\"elementor-element elementor-element-13f215f envo-extra-content-alignleft elementor-widget elementor-widget-envo-extra-icon-box\" data-id=\"13f215f\" data-element_type=\"widget\" data-e-type=\"widget\" data-widget_type=\"envo-extra-icon-box.default\">\n\t\t\t\t<div class=\"elementor-widget-container\">\n\t\t\t\t\t\r\n\t\t<a  class=\"envo-extra-box-icon-wrapper\">\r\n\t\t<div class=\"envo-extra-box-icon-wrapper-inner\">\r\n\t\t\t\r\n\t\t\t\t\t\t\t<span class=\"envo-extra-box-icon-item\">\r\n\t\t\t\t\t<svg aria-hidden=\"true\" class=\"e-font-icon-svg e-far-envelope\" viewBox=\"0 0 512 512\" xmlns=\"http:\/\/www.w3.org\/2000\/svg\"><path d=\"M464 64H48C21.49 64 0 85.49 0 112v288c0 26.51 21.49 48 48 48h416c26.51 0 48-21.49 48-48V112c0-26.51-21.49-48-48-48zm0 48v40.805c-22.422 18.259-58.168 46.651-134.587 106.49-16.841 13.247-50.201 45.072-73.413 44.701-23.208.375-56.579-31.459-73.413-44.701C106.18 199.465 70.425 171.067 48 152.805V112h416zM48 400V214.398c22.914 18.251 55.409 43.862 104.938 82.646 21.857 17.205 60.134 55.186 103.062 54.955 42.717.231 80.509-37.199 103.053-54.947 49.528-38.783 82.032-64.401 104.947-82.653V400H48z\"><\/path><\/svg>\t\t\t\t<\/span>\r\n\t\t\t\r\n\t\t\t<span class=\"envo-extra-box-icon-content\">\r\n\t\t\t\t<h3 class=\"envo-extra-box-icon-title\">ramayana@ramayanabr.com.br<\/h3>\r\n\t\t\t\t\t\t\t<\/span>\r\n\r\n\t\t<\/div>\r\n\t\t<\/a>\r\n\t\t\t\t\t\t<\/div>\n\t\t\t\t<\/div>\n\t\t\t\t<div class=\"elementor-element elementor-element-f44ad63 envo-extra-content-alignleft elementor-widget elementor-widget-envo-extra-icon-box\" data-id=\"f44ad63\" data-element_type=\"widget\" data-e-type=\"widget\" data-widget_type=\"envo-extra-icon-box.default\">\n\t\t\t\t<div class=\"elementor-widget-container\">\n\t\t\t\t\t\r\n\t\t<a  class=\"envo-extra-box-icon-wrapper\">\r\n\t\t<div class=\"envo-extra-box-icon-wrapper-inner\">\r\n\t\t\t\r\n\t\t\t\t\t\t\t<span class=\"envo-extra-box-icon-item\">\r\n\t\t\t\t\t<svg aria-hidden=\"true\" class=\"e-font-icon-svg e-fas-phone-alt\" viewBox=\"0 0 512 512\" xmlns=\"http:\/\/www.w3.org\/2000\/svg\"><path d=\"M497.39 361.8l-112-48a24 24 0 0 0-28 6.9l-49.6 60.6A370.66 370.66 0 0 1 130.6 204.11l60.6-49.6a23.94 23.94 0 0 0 6.9-28l-48-112A24.16 24.16 0 0 0 122.6.61l-104 24A24 24 0 0 0 0 48c0 256.5 207.9 464 464 464a24 24 0 0 0 23.4-18.6l24-104a24.29 24.29 0 0 0-14.01-27.6z\"><\/path><\/svg>\t\t\t\t<\/span>\r\n\t\t\t\r\n\t\t\t<span class=\"envo-extra-box-icon-content\">\r\n\t\t\t\t<h3 class=\"envo-extra-box-icon-title\">+ 55 12 3653 3298<\/h3>\r\n\t\t\t\t\t\t\t<\/span>\r\n\r\n\t\t<\/div>\r\n\t\t<\/a>\r\n\t\t\t\t\t\t<\/div>\n\t\t\t\t<\/div>\n\t\t\t\t<div class=\"elementor-element elementor-element-4e367d5 elementor-shape-circle e-grid-align-left elementor-grid-0 elementor-widget elementor-widget-social-icons\" data-id=\"4e367d5\" data-element_type=\"widget\" data-e-type=\"widget\" data-widget_type=\"social-icons.default\">\n\t\t\t\t<div class=\"elementor-widget-container\">\n\t\t\t\t\t\t\t<div class=\"elementor-social-icons-wrapper elementor-grid\" role=\"list\">\n\t\t\t\t\t\t\t<span class=\"elementor-grid-item\" role=\"listitem\">\n\t\t\t\t\t<a class=\"elementor-icon elementor-social-icon elementor-social-icon-instagram elementor-repeater-item-5df61db\" href=\"https:\/\/www.instagram.com\/ramayanabr\/\" target=\"_blank\">\n\t\t\t\t\t\t<span class=\"elementor-screen-only\">Instagram<\/span>\n\t\t\t\t\t\t<svg aria-hidden=\"true\" class=\"e-font-icon-svg e-fab-instagram\" viewBox=\"0 0 448 512\" xmlns=\"http:\/\/www.w3.org\/2000\/svg\"><path d=\"M224.1 141c-63.6 0-114.9 51.3-114.9 114.9s51.3 114.9 114.9 114.9S339 319.5 339 255.9 287.7 141 224.1 141zm0 189.6c-41.1 0-74.7-33.5-74.7-74.7s33.5-74.7 74.7-74.7 74.7 33.5 74.7 74.7-33.6 74.7-74.7 74.7zm146.4-194.3c0 14.9-12 26.8-26.8 26.8-14.9 0-26.8-12-26.8-26.8s12-26.8 26.8-26.8 26.8 12 26.8 26.8zm76.1 27.2c-1.7-35.9-9.9-67.7-36.2-93.9-26.2-26.2-58-34.4-93.9-36.2-37-2.1-147.9-2.1-184.9 0-35.8 1.7-67.6 9.9-93.9 36.1s-34.4 58-36.2 93.9c-2.1 37-2.1 147.9 0 184.9 1.7 35.9 9.9 67.7 36.2 93.9s58 34.4 93.9 36.2c37 2.1 147.9 2.1 184.9 0 35.9-1.7 67.7-9.9 93.9-36.2 26.2-26.2 34.4-58 36.2-93.9 2.1-37 2.1-147.8 0-184.8zM398.8 388c-7.8 19.6-22.9 34.7-42.6 42.6-29.5 11.7-99.5 9-132.1 9s-102.7 2.6-132.1-9c-19.6-7.8-34.7-22.9-42.6-42.6-11.7-29.5-9-99.5-9-132.1s-2.6-102.7 9-132.1c7.8-19.6 22.9-34.7 42.6-42.6 29.5-11.7 99.5-9 132.1-9s102.7-2.6 132.1 9c19.6 7.8 34.7 22.9 42.6 42.6 11.7 29.5 9 99.5 9 132.1s2.7 102.7-9 132.1z\"><\/path><\/svg>\t\t\t\t\t<\/a>\n\t\t\t\t<\/span>\n\t\t\t\t\t\t\t<span class=\"elementor-grid-item\" role=\"listitem\">\n\t\t\t\t\t<a class=\"elementor-icon elementor-social-icon elementor-social-icon-facebook elementor-repeater-item-1a2d044\" href=\"https:\/\/www.facebook.com\/people\/ramayanabr\/61559896662049\/\" target=\"_blank\">\n\t\t\t\t\t\t<span class=\"elementor-screen-only\">Facebook<\/span>\n\t\t\t\t\t\t<svg aria-hidden=\"true\" class=\"e-font-icon-svg e-fab-facebook\" viewBox=\"0 0 512 512\" xmlns=\"http:\/\/www.w3.org\/2000\/svg\"><path d=\"M504 256C504 119 393 8 256 8S8 119 8 256c0 123.78 90.69 226.38 209.25 245V327.69h-63V256h63v-54.64c0-62.15 37-96.48 93.67-96.48 27.14 0 55.52 4.84 55.52 4.84v61h-31.28c-30.8 0-40.41 19.12-40.41 38.73V256h68.78l-11 71.69h-57.78V501C413.31 482.38 504 379.78 504 256z\"><\/path><\/svg>\t\t\t\t\t<\/a>\n\t\t\t\t<\/span>\n\t\t\t\t\t\t\t<span class=\"elementor-grid-item\" role=\"listitem\">\n\t\t\t\t\t<a class=\"elementor-icon elementor-social-icon elementor-social-icon-x-twitter elementor-repeater-item-753eaed\" href=\"https:\/\/x.com\/ramayanabrasil\" target=\"_blank\">\n\t\t\t\t\t\t<span class=\"elementor-screen-only\">X-twitter<\/span>\n\t\t\t\t\t\t<svg aria-hidden=\"true\" class=\"e-font-icon-svg e-fab-x-twitter\" viewBox=\"0 0 512 512\" xmlns=\"http:\/\/www.w3.org\/2000\/svg\"><path d=\"M389.2 48h70.6L305.6 224.2 487 464H345L233.7 318.6 106.5 464H35.8L200.7 275.5 26.8 48H172.4L272.9 180.9 389.2 48zM364.4 421.8h39.1L151.1 88h-42L364.4 421.8z\"><\/path><\/svg>\t\t\t\t\t<\/a>\n\t\t\t\t<\/span>\n\t\t\t\t\t<\/div>\n\t\t\t\t\t\t<\/div>\n\t\t\t\t<\/div>\n\t\t\t\t\t<\/div>\n\t\t\t\t<\/div>\n\t\t\t\t\t<\/div>\n\t\t\t\t<\/div>\n\t\t\t\t\t<\/div>\n\t\t\t\t<\/div>\n\t\t\t\t\t<\/div>\n\t\t\t\t<\/div>\n\t\t\t\t<\/div>\n\t\t","protected":false},"excerpt":{"rendered":"<p>Preencha o formul\u00e1rio abaixo\u00a0 e aguarde o contato de nossos consultores para um atendimento personalizado! Contato On Line Envie &#8211; nos uma mensagem Comercial S\u00e3o Paulo: Avenida Paulista, 1845 \u2013 Bela Vista. S\u00e3o Paulo\/SP. CEP&hellip;<\/p>\n","protected":false},"author":1,"featured_media":0,"parent":0,"menu_order":0,"comment_status":"closed","ping_status":"closed","template":"elementor_theme","meta":{"footnotes":""},"class_list":["post-1318","page","type-page","status-publish","hentry"],"yoast_head":"<!-- This site is optimized with the Yoast SEO plugin v27.1.1 - https:\/\/yoast.com\/product\/yoast-seo-wordpress\/ -->\n<title>Capta\u00e7\u00e3o de Recursos - RAMAYANA<\/title>\n<meta name=\"robots\" content=\"index, follow, max-snippet:-1, max-image-preview:large, max-video-preview:-1\" \/>\n<link rel=\"canonical\" href=\"https:\/\/ramayanabr.com.br\/index.php\/captar-recursos\/\" \/>\n<meta property=\"og:locale\" content=\"en_US\" \/>\n<meta property=\"og:type\" content=\"article\" \/>\n<meta property=\"og:title\" content=\"Capta\u00e7\u00e3o de Recursos - RAMAYANA\" \/>\n<meta property=\"og:description\" content=\"Preencha o formul\u00e1rio abaixo\u00a0 e aguarde o contato de nossos consultores para um atendimento personalizado! Contato On Line Envie &#8211; nos uma mensagem Comercial S\u00e3o Paulo: Avenida Paulista, 1845 \u2013 Bela Vista. S\u00e3o Paulo\/SP. CEP&hellip;\" \/>\n<meta property=\"og:url\" content=\"https:\/\/ramayanabr.com.br\/index.php\/captar-recursos\/\" \/>\n<meta property=\"og:site_name\" content=\"RAMAYANA\" \/>\n<meta property=\"article:publisher\" content=\"https:\/\/web.facebook.com\/profile.php?id=61559896662049\" \/>\n<meta property=\"article:modified_time\" content=\"2024-06-14T21:10:22+00:00\" \/>\n<meta name=\"twitter:card\" content=\"summary_large_image\" \/>\n<meta name=\"twitter:site\" content=\"@ramayanabrasil\" \/>\n<script type=\"application\/ld+json\" class=\"yoast-schema-graph\">{\"@context\":\"https:\/\/schema.org\",\"@graph\":[{\"@type\":\"WebPage\",\"@id\":\"https:\/\/ramayanabr.com.br\/index.php\/captar-recursos\/\",\"url\":\"https:\/\/ramayanabr.com.br\/index.php\/captar-recursos\/\",\"name\":\"Capta\u00e7\u00e3o de Recursos - RAMAYANA\",\"isPartOf\":{\"@id\":\"https:\/\/ramayanabr.com.br\/#website\"},\"datePublished\":\"2024-06-14T17:18:31+00:00\",\"dateModified\":\"2024-06-14T21:10:22+00:00\",\"breadcrumb\":{\"@id\":\"https:\/\/ramayanabr.com.br\/index.php\/captar-recursos\/#breadcrumb\"},\"inLanguage\":\"en-US\",\"potentialAction\":[{\"@type\":\"ReadAction\",\"target\":[\"https:\/\/ramayanabr.com.br\/index.php\/captar-recursos\/\"]}]},{\"@type\":\"BreadcrumbList\",\"@id\":\"https:\/\/ramayanabr.com.br\/index.php\/captar-recursos\/#breadcrumb\",\"itemListElement\":[{\"@type\":\"ListItem\",\"position\":1,\"name\":\"In\u00edcio\",\"item\":\"https:\/\/ramayanabr.com.br\/\"},{\"@type\":\"ListItem\",\"position\":2,\"name\":\"Capta\u00e7\u00e3o de Recursos\"}]},{\"@type\":\"WebSite\",\"@id\":\"https:\/\/ramayanabr.com.br\/#website\",\"url\":\"https:\/\/ramayanabr.com.br\/\",\"name\":\"RAMAYANA\",\"description\":\"Consultoria &amp; Neg\u00f3cios LTDA\",\"publisher\":{\"@id\":\"https:\/\/ramayanabr.com.br\/#organization\"},\"alternateName\":\"RAMAYANABR\",\"potentialAction\":[{\"@type\":\"SearchAction\",\"target\":{\"@type\":\"EntryPoint\",\"urlTemplate\":\"https:\/\/ramayanabr.com.br\/?s={search_term_string}\"},\"query-input\":{\"@type\":\"PropertyValueSpecification\",\"valueRequired\":true,\"valueName\":\"search_term_string\"}}],\"inLanguage\":\"en-US\"},{\"@type\":\"Organization\",\"@id\":\"https:\/\/ramayanabr.com.br\/#organization\",\"name\":\"RAMAYANA\",\"alternateName\":\"Ramayana Consultoria e Neg\u00f3cios Ltda\",\"url\":\"https:\/\/ramayanabr.com.br\/\",\"logo\":{\"@type\":\"ImageObject\",\"inLanguage\":\"en-US\",\"@id\":\"https:\/\/ramayanabr.com.br\/#\/schema\/logo\/image\/\",\"url\":\"https:\/\/ramayanabr.com.br\/wp-content\/uploads\/2026\/03\/ram.png\",\"contentUrl\":\"https:\/\/ramayanabr.com.br\/wp-content\/uploads\/2026\/03\/ram.png\",\"width\":141,\"height\":108,\"caption\":\"RAMAYANA\"},\"image\":{\"@id\":\"https:\/\/ramayanabr.com.br\/#\/schema\/logo\/image\/\"},\"sameAs\":[\"https:\/\/web.facebook.com\/profile.php?id=61559896662049\",\"https:\/\/x.com\/ramayanabrasil\",\"https:\/\/www.instagram.com\/ramayanabr\/\"]}]}<\/script>\n<!-- \/ Yoast SEO plugin. -->","yoast_head_json":{"title":"Capta\u00e7\u00e3o de Recursos - RAMAYANA","robots":{"index":"index","follow":"follow","max-snippet":"max-snippet:-1","max-image-preview":"max-image-preview:large","max-video-preview":"max-video-preview:-1"},"canonical":"https:\/\/ramayanabr.com.br\/index.php\/captar-recursos\/","og_locale":"en_US","og_type":"article","og_title":"Capta\u00e7\u00e3o de Recursos - RAMAYANA","og_description":"Preencha o formul\u00e1rio abaixo\u00a0 e aguarde o contato de nossos consultores para um atendimento personalizado! Contato On Line Envie &#8211; nos uma mensagem Comercial S\u00e3o Paulo: Avenida Paulista, 1845 \u2013 Bela Vista. S\u00e3o Paulo\/SP. CEP&hellip;","og_url":"https:\/\/ramayanabr.com.br\/index.php\/captar-recursos\/","og_site_name":"RAMAYANA","article_publisher":"https:\/\/web.facebook.com\/profile.php?id=61559896662049","article_modified_time":"2024-06-14T21:10:22+00:00","twitter_card":"summary_large_image","twitter_site":"@ramayanabrasil","schema":{"@context":"https:\/\/schema.org","@graph":[{"@type":"WebPage","@id":"https:\/\/ramayanabr.com.br\/index.php\/captar-recursos\/","url":"https:\/\/ramayanabr.com.br\/index.php\/captar-recursos\/","name":"Capta\u00e7\u00e3o de Recursos - RAMAYANA","isPartOf":{"@id":"https:\/\/ramayanabr.com.br\/#website"},"datePublished":"2024-06-14T17:18:31+00:00","dateModified":"2024-06-14T21:10:22+00:00","breadcrumb":{"@id":"https:\/\/ramayanabr.com.br\/index.php\/captar-recursos\/#breadcrumb"},"inLanguage":"en-US","potentialAction":[{"@type":"ReadAction","target":["https:\/\/ramayanabr.com.br\/index.php\/captar-recursos\/"]}]},{"@type":"BreadcrumbList","@id":"https:\/\/ramayanabr.com.br\/index.php\/captar-recursos\/#breadcrumb","itemListElement":[{"@type":"ListItem","position":1,"name":"In\u00edcio","item":"https:\/\/ramayanabr.com.br\/"},{"@type":"ListItem","position":2,"name":"Capta\u00e7\u00e3o de Recursos"}]},{"@type":"WebSite","@id":"https:\/\/ramayanabr.com.br\/#website","url":"https:\/\/ramayanabr.com.br\/","name":"RAMAYANA","description":"Consultoria &amp; Neg\u00f3cios LTDA","publisher":{"@id":"https:\/\/ramayanabr.com.br\/#organization"},"alternateName":"RAMAYANABR","potentialAction":[{"@type":"SearchAction","target":{"@type":"EntryPoint","urlTemplate":"https:\/\/ramayanabr.com.br\/?s={search_term_string}"},"query-input":{"@type":"PropertyValueSpecification","valueRequired":true,"valueName":"search_term_string"}}],"inLanguage":"en-US"},{"@type":"Organization","@id":"https:\/\/ramayanabr.com.br\/#organization","name":"RAMAYANA","alternateName":"Ramayana Consultoria e Neg\u00f3cios Ltda","url":"https:\/\/ramayanabr.com.br\/","logo":{"@type":"ImageObject","inLanguage":"en-US","@id":"https:\/\/ramayanabr.com.br\/#\/schema\/logo\/image\/","url":"https:\/\/ramayanabr.com.br\/wp-content\/uploads\/2026\/03\/ram.png","contentUrl":"https:\/\/ramayanabr.com.br\/wp-content\/uploads\/2026\/03\/ram.png","width":141,"height":108,"caption":"RAMAYANA"},"image":{"@id":"https:\/\/ramayanabr.com.br\/#\/schema\/logo\/image\/"},"sameAs":["https:\/\/web.facebook.com\/profile.php?id=61559896662049","https:\/\/x.com\/ramayanabrasil","https:\/\/www.instagram.com\/ramayanabr\/"]}]}},"_links":{"self":[{"href":"https:\/\/ramayanabr.com.br\/index.php\/wp-json\/wp\/v2\/pages\/1318","targetHints":{"allow":["GET"]}}],"collection":[{"href":"https:\/\/ramayanabr.com.br\/index.php\/wp-json\/wp\/v2\/pages"}],"about":[{"href":"https:\/\/ramayanabr.com.br\/index.php\/wp-json\/wp\/v2\/types\/page"}],"author":[{"embeddable":true,"href":"https:\/\/ramayanabr.com.br\/index.php\/wp-json\/wp\/v2\/users\/1"}],"replies":[{"embeddable":true,"href":"https:\/\/ramayanabr.com.br\/index.php\/wp-json\/wp\/v2\/comments?post=1318"}],"version-history":[{"count":7,"href":"https:\/\/ramayanabr.com.br\/index.php\/wp-json\/wp\/v2\/pages\/1318\/revisions"}],"predecessor-version":[{"id":1366,"href":"https:\/\/ramayanabr.com.br\/index.php\/wp-json\/wp\/v2\/pages\/1318\/revisions\/1366"}],"wp:attachment":[{"href":"https:\/\/ramayanabr.com.br\/index.php\/wp-json\/wp\/v2\/media?parent=1318"}],"curies":[{"name":"wp","href":"https:\/\/api.w.org\/{rel}","templated":true}]}}